1
Calculate the remainder when 12666 is divided by 385.
346
What is the remainder when 139287 is divided by 10714?
5
What is the remainder when 117609 is divided by 18?
15
What is the remainder when 63434 is divided by 6?
2
What is the remainder when 65 is divided by 28?
9
Calculate the remainder when 2433032 is divided by 18.
8
What is the remainder when 65839 is divided by 101?
88
What is the remainder when 20828 is divided by 10405?
18
Calculate the remainder when 22323 is divided by 745.
718
Calculate the remainder when 26805 is divided by 46.
33
Calculate the remainder when 642 is divided by 387.
255
What is the remainder when 556507 is divided by 66?
61
What is the remainder when 94626 is divided by 627?
576
What is the remainder when 57021 is divided by 533?
523
What is the remainder when 119011 is divided by 72?
67
Calculate the remainder when 30258 is divided by 3.
0
Calculate the remainder when 43283 is divided by 42977.
306
What is the remainder when 52261 is divided by 18?
7
Calculate the remainder when 2778 is divided by 910.
48
Calculate the remainder when 13360 is divided by 6674.
12
What is the remainder when 896 is divided by 64?
0
What is the remainder when 33464 is divided by 32?
24
What is the remainder when 291188 is divided by 74?
72
What is the remainder when 22766 is divided by 22764?
2
What is the remainder when 1185113 is divided by 278?
277
Calculate the remainder when 283737 is divided by 127.
19
What is the remainder when 7172 is divided by 104?
100
Calculate the remainder when 27748 is divided by 837.
127
What is the remainder when 67443 is divided by 22312?
507
What is the remainder when 100267 is divided by 509?
503
Calculate the remainder when 66345 is divided by 16.
9
Calculate the remainder when 567 is divided by 292.
275
What is the remainder when 7552 is divided by 415?
82
Calculate the remainder when 1465 is divided by 456.
97
Calculate the remainder when 7369 is divided by 81.
79
What is the remainder when 529 is divided by 469?
60
Calculate the remainder when 11604 is divided by 218.
50
Calculate the remainder when 754867 is divided by 31.
17
What is the remainder when 1941 is divided by 273?
30
What is the remainder when 1348 is divided by 640?
68
Calculate the remainder when 111229 is divided by 18538.
1
Calculate the remainder when 4164526 is divided by 424.
422
Calculate the remainder when 88172 is divided by 303.
302
What is the remainder when 4068 is divided by 1606?
856
What is the remainder when 3671 is divided by 55?
41
What is the remainder when 15985 is divided by 516?
505
What is the remainder when 1396105 is divided by 183?
181
Calculate the remainder when 2055 is divided by 262.
221
Calculate the remainder when 1503 is divided by 16.
15
What is the remainder when 18136 is divided by 6?
4
Calculate the remainder when 35066 is divided by 21.
17
What is the remainder when 7132 is divided by 2375?
7
Calculate the remainder when 3884 is divided by 53.
15
What is the remainder when 1790412 is divided by 15?
12
Calculate the remainder when 8631 is divided by 114.
81
What is the remainder when 38202 is divided by 12731?
9
What is the remainder when 1719 is divided by 220?
179
Calculate the remainder when 11703 is divided by 7.
6
Calculate the remainder when 20543 is divided by 9973.
597
What is the remainder when 17161 is divided by 78?
1
What is the remainder when 27871 is divided by 104?
103
What is the remainder when 1967 is divided by 535?
362
What is the remainder when 32321 is divided by 733?
69
Calculate the remainder when 18801 is divided by 4609.
365
What is the remainder when 2142 is divided by 1?
0
Calculate the remainder when 2795 is divided by 434.
191
Calculate the remainder when 4102 is divided by 2030.
42
What is the remainder when 183258 is divided by 140?
138
Calculate the remainder when 22656 is divided by 2815.
136
Calculate the remainder when 22435 is divided by 10.
5
What is the remainder when 231149 is divided by 345?
344
What is the remainder when 3887 is divided by 450?
287
Calculate the remainder when 25231 is divided by 8.
7
Calculate the remainder when 32618 is divided by 46.
4
What is the remainder when 857 is divided by 335?
187
What is the remainder when 874022 is divided by 239?
238
What is the remainder when 17618 is divided by 489?
14
What is the remainder when 5176 is divided by 731?
59
Calculate the remainder when 6781 is divided by 2625.
1531
Calculate the remainder when 10619 is divided by 30.
29
What is the remainder when 3132 is divided by 288?
252
Calculate the remainder when 29888 is divided by 9780.
548
What is the remainder when 300929 is divided by 2572?
5
Calculate the remainder when 14018 is divided by 4608.
194
Calculate the remainder when 295900 is divided by 693.
682
What is the remainder when 22865 is divided by 407?
73
What is the remainder when 2408 is divided by 189?
140
Calculate the remainder when 40859 is divided by 40858.
1
Calculate the remainder when 3627 is divided by 110.
107
Calculate the remainder when 524998 is divided by 28.
26
Calculate the remainder when 31956 is divided by 45.
6
What is the remainder when 52243 is divided by 19?
12
Calculate the remainder when 390 is divided by 97.
2
Calculate the remainder when 635468 is divided by 22.
20
What is the remainder when 1134795 is divided by 21?
18
Calculate the remainder when 792 is divided by 291.
210
What is the remainder when 2115 is divided by 349?
21
What is the remainder when 1725 is divided by 574?
3
What is the remainder when 10531 is divided by 5253?
25
What is the remainder when 40362 is divided by 126?
42
Calculate the remainder when 4008 is divided by 801.
3
Calculate the remainder when 75635 is divided by 40.
35
Calculate the remainder when 1357305 is divided by 148.
145
Calculate the remainder when 13896 is divided by 13890.
6
What is the remainder when 7030 is divided by 243?
226
Calculate the remainder when 5550633 is divided by 238.
235
Calculate the remainder when 4170 is divided by 258.
42
What is the remainder when 11469 is divided by 62?
61
Calculate the remainder when 63953 is divided by 63.
8
Calculate the remainder when 2805 is divided by 174.
21
What is the remainder when 7485527 is divided by 13?
10
What is the remainder when 6176 is divided by 66?
38
What is the remainder when 678848 is divided by 109?
105
Calculate the remainder when 123095 is divided by 12309.
5
Calculate the remainder when 14146 is divided by 2019.
13
Calculate the remainder when 3346 is divided by 385.
266
What is the remainder when 818 is divided by 94?
66
What is the remainder when 11601 is divided by 6?
3
Calculate the remainder when 5510 is divided by 68.
2
Calculate the remainder when 113242 is divided by 81.
4
What is the remainder when 154636 is divided by 198?
196
What is the remainder when 372957 is divided by 336?
333
Calculate the remainder when 8450 is divided by 15.
5
Calculate the remainder when 22077 is divided by 345.
342
What is the remainder when 1193 is divided by 198?
5
What is the remainder when 57515 is divided by 113?
111
What is the remainder when 2242 is divided by 1738?
504
What is the remainder when 55908 is divided by 7?
6
What is the remainder when 317225 is divided by 1117?
1114
What is the remainder when 1813 is divided by 854?
105
Calculate the remainder when 740957 is divided by 173.
171
Calculate the remainder when 32368 is divided by 789.
19
What is the remainder when 8720 is divided by 1449?
26
What is the remainder when 464 is divided by 146?
26
What is the remainder when 11184 is divided by 1116?
24
What is the remainder when 80464 is divided by 55?
54
What is the remainder when 3507 is divided by 166?
21
Calculate the remainder when 3188 is divided by 291.
278
What is the remainder when 8354179 is divided by 1234?
1233
Calculate the remainder when 458041 is divided by 1709.
29
What is the remainder when 15416 is divided by 7336?
744
What is the remainder when 5322 is divided by 1061?
17
What is the remainder when 27354 is divided by 375?
354
Calculate the remainder when 278030 is divided by 670.
650
Calculate the remainder when 17329 is divided by 14.
11
What is the remainder when 76808 is divided by 7?
4
Calculate the remainder when 1862699 i